. What is t(-10)?
-63
Let b(g) = -2*g**3 + 32*g**2 - 78*g + 11. What is b(13)?
11
Let q(o) = -21*o + 38. Give q(3).
-25
Let b(t) = 11*t**3 - 4*t**2 - 2*t + 21. Give b(3).
276
Let j(n) = n**3 + 24*n**2 + 107*n - 22. Give j(-18).
-4
Let w(a) = 52*a + 293. Give w(-7).
-71
Let c(v) = v**3 + 13*v**2 - 63*v + 86. Calculate c(-16).
326
Let s(m) = -m**3 + 45*m**2 - 498*m - 41. Determine s(21).
85
Let t(n) = -34*n - 2854. What is t(-84)?
2
Let o(j) = -119407*j - 716447. Determine o(-6).
-5
Let h(j) = -j**3 + 2*j**2 - 11*j + 10. What is h(1)?
0
Let h(y) = -y**3 - 28*y**2 + 10*y + 251. Determine h(-28).
-29
Let b(y) = -325*y**2 + 17226*y - 51. Calculate b(53).
2
Let r(b) = -b**3 + 15*b**2 + 1000*b + 67. What is r(40)?
67
Let a(i) = -i**2 + 50*i - 150. Calculate a(48).
-54
Let m(d) = -3629*d - 18146. Calculate m(-5).
-1
Let u(s) = 40*s + 323. Give u(-8).
3
Let c(l) = -l**2 - 75*l + 879. Give c(-85).
29
Let u(t) = t**3 + 14*t**2 - 14*t - 177. Give u(-12).
279
Let l(y) = 77*y + 1450. Calculate l(-19).
-13
Let r(o) = -o**2 + 8*o + 6. Calculate r(8).
6
Let h(c) = -3*c**2 + 35*c + 2. Give h(11).
24
Let d(c) = 1927*c - 3860. Calculate d(2).
-6
Let o(g) = -269*g - 19507. Give o(-72).
-139
Let t(f) = -391*f + 1178. Determine t(3).
5
Let q(l) = l**3 + 30*l**2 + 64*l + 90. Calculate q(-28).
-134
Let r(z) = -z**3 - 62*z**2 + 267*z + 24. Give r(-66).
-174
Let a(v) = -193*v + 13907. Calculate a(72).
11
Let f(x) = -2*x**3 - 8*x**2 + 27*x + 90. Determine f(-5).
5
Let d(j) = -971*j - 9664. What is d(-10)?
46
Let f(t) = t**2 + 249*t - 1759. What is f(7)?
33
Let y(n) = 5*n**2 + 34*n + 65. What is y(-9)?
164
Let r(z) = -140*z - 1099. Determine r(-8).
21
Let t(k) = 1463*k + 2927. Determine t(-2).
1
Let l(r) = 951*r - 5713. What is l(6)?
-7
Let b(c) = -c**3 + 52*c**2 - 102*c + 124. What is b(50)?
24
Let u(n) = -241*n + 2405. What is u(10)?
-5
Let d(a) = -6976*a - 27892. Give d(-4).
12
Let n(p) = 287*p + 94702. Determine n(-330).
-8
Let c(s) = -s**2 - 120*s + 10766. What is c(60)?
-34
Let i(q) = -q**3 - 136*q**2 + 1940*q + 383. Calculate i(-149).
-64
Let y(g) = -g**3 - 19*g**2 - 34*g + 14. Determine y(-17).
14
Let f(j) = j**3 - 29*j**2 + 98*j + 99. Give f(23).
-821
Let g(k) = 30*k**3 + 5*k**2 - 5. Give g(-2).
-225
Let m(j) = -125*j + 2038. Give m(16).
38
Let o(h) = -h**2 + 64*h - 735. What is o(48)?
33
Let r(i) = i**3 + 15*i**2 + 25*i - 80. Give r(-13).
-67
Let s(m) = 17*m**2 + 60*m + 5. Give s(-7).
418
Let o(g) = -g**3 + 13*g**2 - 2*g + 86. Give o(14).
-138
Let w(t) = 2*t**3 - 8*t**2 + 5*t + 10. Determine w(4).
30
Let v(y) = -y**3 - 4*y**2 - y - 4. What is v(-6)?
74
Let f(h) = h**2 - 23*h - 266. Determine f(0).
-266
Let c(h) = -h**3 - 38*h**2 + 372*h - 2390. Give c(-47).
7
Let s(k) = -k**3 + 8*k**2 + 156*k - 23. Calculate s(17).
28
Let w(k) = 4*k**2 + 54*k + 177. Give w(-6).
-3
Let f(o) = -o**2 + 407*o + 2475. Calculate f(-6).
-3
Let y(a) = -8*a**2 + 912*a + 6. Determine y(114).
6
Let s(a) = -8*a - 1001. Determine s(-66).
-473
Let l(x) = 5*x**3 + 8*x**2 - 207*x - 212. Give l(-1).
-2
Let n(y) = -y**3 - 73*y**2 - 575*y + 60. Determine n(-64).
-4
Let v(w) = 12*w - 155. Give v(21).
97
Let q(n) = 89*n - 501. Determine q(6).
33
Let d(l) = l**3 - 6*l**2 - 517*l + 68. What is d(-20)?
8
Let o(z) = -9*z - 88. Calculate o(-7).
-25
Let k(l) = -2*l**3 - 33*l**2 - 53*l - 600. What is k(-16)?
-8
Let y(s) = -39*s**2 + 1760*s - 1762. What is y(1)?
-41
Let q(o) = -3*o**3 + 95*o**2 - 58*o - 122. Determine q(31).
2
Let p(a) = -6*a**2 - 96*a - 396. Determine p(-4).
-108
Let a(h) = -6*h**2 - 683*h - 3870. Determine a(-6).
12
Let n(f) = -4*f**2 + 32*f - 76. Calculate n(11).
-208
Let k(p) = -26*p**2 - 20*p - 19. What is k(-1)?
-25
Let i(l) = l**3 - 8*l**2 + 12*l + 9. Calculate i(4).
-7
Let o(f) = 8*f**3 + 12*f**2 - 55*f - 68. What is o(-1)?
-9
Let v(f) = -f**3 + 8*f**2 + 39*f - 60. What is v(12)?
-168
Let j(u) = u**2 - 5055*u + 30289. Give j(6).
-5
Let m(c) = -96*c + 1819. What is m(19)?
-5
Let l(s) = -12*s**2 + 778*s + 1740. Determine l(67).
-2
Let s(t) = -34*t + 670. Determine s(7).
432
Let o(v) = -v**3 + v**2 - 42*v - 126. What is o(-3)?
36
Let h(m) = 20*m - 1406. Determine h(70).
-6
Let g(x) = -x**3 + 121*x**2 - 104*x - 1927. Determine g(120).
-7
Let g(d) = 104*d + 615. Determine g(-6).
-9
Let u(l) = -19*l**2 - 45*l + 116. Determine u(-4).
-8
Let k(q) = -2*q**2 + 9*q + 78. What is k(-4)?
10
Let f(g) = -g**3 - 108*g**2 - 2284*g + 232. What is f(-29)?
29
Let z(u) = -4*u**3 + 3*u**2 + 4*u - 14. Calculate z(0).
-14
Let h(s) = 2*s**3 + 42*s**2 + 135*s - 2. Give h(-4).
2
Let z(r) = 5*r**3 - 4*r**2 - 31*r - 20. Determine z(-5).
-590
Let l(c) = 115*c - 3436. Give l(30).
14
Let c(q) = -q**3 + 16*q**2 + 36*q - 35. Calculate c(18).
-35
Let z(p) = 23*p - 1275. Determine z(44).
-263
Let j(b) = -4*b + 11. Give j(-1).
15
Let g(d) = -d**3 - 25*d**2 - 27*d + 40. Calculate g(-24).
112
Let a(h) = -4*h**2 - 48*h + 16. Give a(-13).
-36
Let v(i) = 10*i**3 + 949*i**2 - 100*i - 486. Determine v(-95).
-11
Let t(x) = 1130*x - 3392. Give t(3).
-2
Let r(t) = t**3 + 32*t**2 + 84*t + 3916. Calculate r(-33).
55
Let q(h) = -h**3 - 7*h**2 + 15*h + 35. Calculate q(-9).
62
Let u(x) = -x**2 - 167*x + 4423. Determine u(23).
53
Let q(o) = o**3 - 18*o**2 + 30*o + 20. What is q(16)?
-12
Let t(c) = -c**2 + 582*c + 5928. Give t(-10).
8
Let r(h) = -402*h**2 - 385*h - 1. What is r(-1)?
-18
Let l(w) = -19785*w - 197844. Calculate l(-10).
6
Let a(b) = -b**3 + 13*b**2 + 81*b - 336. Determine a(3).
-3
Let b(i) = -2*i**3 + 36*i**2 + 38*i - 2. Calculate b(19).
-2
Let s(g) = g + 32. Give s(-11).
21
Let g(x) = x**2 + 157*x - 1525. Calculate g(9).
-31
Let n(b) = -b**3 + 49*b**2 - 55*b + 21. What is n(48)?
-315
Let u(s) = 203*s + 4064. Calculate u(-20).
4
Let x(q) = 8*q - 60. Determine x(-11).
-148
Let a(u) = -10*u + 120. Determine a(7).
50
Let x(k) = -k**3 + 31*k**2 + 32*k - 1860. Determine x(30).
0
Let m(k) = 46*k - 590. Calculate m(16).
146
Let n(p) = -p**3 + 6*p**2 - 16*p + 41. Give n(4).
9
Let d(m) = -m**2 + 37*m - 6. What is d(3)?
96
Let m(n) = 9*n**2 - 4*n + 11. Determine m(2).
39
Let m(v) = 131*v**2 - 1917*v - 720. What is m(15)?
0
Let t(z) = 832*z + 14970. Determine t(-18).
-6
Let x(d) = 7*d - 609. Determine x(76).
-77
Let u(g) = -g**3 + 2*g**2 + 37*g + 10. Determine u(-5).
0
Let f(l) = -l**3 + 7*l**2 + 8*l. Give f(8).
0
Let i(s) = 19*s**2 - 68*s - 9. Calculate i(4).
23
Let t(d) = -d**2 - 88*d - 538. Determine t(-17).
669
Let j(g) = -g**3 - 81*g**2 + 189*g + 1930. Calculate j(-83).
21
Let w(a) = 560*a + 73. Give w(0).
73
Let k(z) = z**3 - 4*z**2 + 148*z - 910. What is k(6)?
50
Let h(m) = m**3 - 106*m**2 - 441*m + 51. Give h(110).
-59
Let t(p) = -10314*p + 51581. Give t(5).
11
Let x(j) = 473*j**2 + 2314*j - 250. Calculate x(-5).
5
Let c(n) = -5*n + 584. Calculate c(-47).
819
Let b(c) = -2*c**2 - 54*c + 5386. Determine b(-67).
26
Let m(q) = q**3 + 85*q**2 + 86*q - 2. What is m(-84)?
-170
Let t(w) = -8428*w + 59004. Determine t(7).
8
Let v(i) = -2*i**3 + 16*i**2 + 10*i - 84. Calculate v(8).
-4
Let s(t) = 25*t + 290. Determine s(-12).
-10
Let b(i) = i**2 + 37*i + 29. Give b(-33).
-103
Let u(w) = w**2 - 355*w + 5739. Determine u(17).
-7
Let f(x) = -418*x + 2382. What is f(6)?
-126
Let k(q) = 5*q**3 - q**2 + 156*q + 601. Determine k(-4).
-359
Let l(m) = m**3 - 9*m**2 - 320*m - 3. What is l(23)?
43
Let n(r) = -34*r**2 - 10*r - 26. Determine n(0).
-26
Let c(z) = z**3 + 23*z**2 + 37*z + 251. What is c(-22)?
-79
Let v(m) = 1048*m + 8390. Give v(-8).
6
Let k(y) = y**3 - 4*y**2 - 5*y + 4. What is k(4)?
-16
Let p(v) = -38*v**2 - 570*v + 2. Give p(-15).
2
Let k(l) = -l**3 - 3*l**2 + 83*l + 266. Determine k(-9).
5
Let g(a) = -a**3 - 24*a**2 - 19*a + 31. What is g(-23)?
-61
Let i(c) = -5*c**3 + 11*c**2 - 16*c + 33. Calculate i(2).
5
Let g(q) = -3*q**2 - 169*q + 42. Give g(-56).
98
Let q(i) = -9*i**2 - 16*i - 32. Determine q(-4).
-112
Let u(z) = 97*z + 688. Give u(-6).
106
Let w(g) = -2*g**2 - 78*g + 85. What is w(-39)?
85
Let m(o) = o**3 + 33*o**2 - 65*o + 169. Give m(-35).
-6
Let y(m) = -m**3 - 7*m**2 - 42*m - 590. Calculate y(-9).
-50
Let n(j) = 12*j**2 + 87*j + 19. Determine n(-7).
-2
Let n(m) = 33*m + 350. What is n(-7)?
119
Let c(x) = 59*x - 216. Determine c(4).
20
Let k(c) = 84*c + 932. Determine k(-14).
-244
Let z(v) = v**2 - 6*v - 393. Give z